840 = -844. Give s(u).
-16
Let w(d) = -d**2 - 10*d - 1. Let a be ((-896)/(-24))/8*24/(-28). What is w(a)?
23
Let b(l) be the second derivative of -l**4/6 + 2*l**3/3 - 2*l**2 + 31*l. Let v(d) = -d**2 + 3*d - 5. Let t(m) = -2*b(m) + 3*v(m). Determine t(0).
-7
Let m(s) = 9*s**2 - 17*s + 12. Let b(w) = 25*w**2 - 45*w + 35. Let x(z) = -4*b(z) + 11*m(z). Let n = 18 - 25. Calculate x(n).
-8
Suppose -g - 6 + 4 + 5 = 0. Let k(y) be the first derivative of 1/3*y**g - 8 + 7*y + 7/2*y**2. Determine k(-6).
1
Let x(j) = -637*j - 11 - 631*j + 1269*j. Suppose 0 = 2*k - 3*c + 15 + 1, -5*c = 0. What is x(k)?
-19
Let n = 93 + -155. Let z = n + 66. Let x(l) = -4*l + 1646 + 2*l + l**2 - 1646. Determine x(z).
8
Let w(a) = a**3 - 4*a**2 - 5*a + 6. Suppose 9 = 4*b + 1. Let k = 278 - 273. Suppose 4*m + 1 + 9 = -b*g, -3*g + 40 = -k*m. Calculate w(g).
6
Let h(a) = -29*a**2 - 287. Let t(w) = -13*w**2 + w - 132. Let s(v) = 4*h(v) - 9*t(v). Determine s(6).
22
Let f(j) = j**2 + j + 9. Let d be ((-9)/54)/((-1)/(-30)). Calculate f(d).
29
Let b be (-25)/4 + 2/8. Let f(q) be the first derivative of 9/2*q**2 - 75 + 4*q + 1/4*q**4 + 7/3*q**3. Calculate f(b).
-14
Let d be (-14 - -4) + (-144)/(-8). Let o(v) = -v**3 + 8*v**2 + 5. Give o(d).
5
Suppose -4*p + 376 = -2*s, -8*p = -6*p + 2*s - 182. Let g(t) = 94*t - 9 + 6*t**3 - 7*t**2 - 5*t**3 - p*t. Determine g(7).
-2
Let h(q) be the second derivative of 3*q**2 + 0 + 1/3*q**3 + 36*q. What is h(-3)?
0
Let m(n) = -n**2 - n - 29. Let p be 0/(-1*(-1 - 0/1)). What is m(p)?
-29
Let g(p) be the third derivative of p**6/120 + p**5/60 - p**4/8 - p**3/2 + 5*p**2 - 1165*p. Determine g(-5).
-88
Let p(s) = -s**2 - 9*s - 14. Let u be 5/(-10)*10 - -8. Suppose 15 = -3*v + v + q, v = -q - u. Calculate p(v).
4
Let v = 19 - 7. Let i be 84/v*1/1. Let l(c) = 6*c**3 - 12*c**2 + 2*c - 10. Let r(k) = -k**3 + k**2. Let q(m) = l(m) + 5*r(m). Calculate q(i).
4
Let p = 1934 - 1931. Let h(d) = -6*d**2 - 15*d + 10. Let g(u) = u**2 + 3*u - 2. Let k(j) = 11*g(j) + 2*h(j). What is k(p)?
-2
Let v = -113 + 131. Suppose 0 = 4*g + i + i + v, -3*i = 3*g + 9. Let j(y) = -y**3 - 5*y**2 + 3*y + 2. Give j(g).
20
Let t(u) = -25*u**2 + 275*u + 300. Let n be t(12). Let d(q) = 0*q - 11 - q + 0*q. Calculate d(n).
-11
Let f(b) be the third derivative of b**5/5 - b**4/8 + b**3/3 + 2*b**2. Let r be (16 - 5)/(9 - (-14)/7). Calculate f(r).
11
Let m be (9*(-8)/24)/(-3)*9. Let j(q) be the third derivative of -q**6/120 + 2*q**5/15 + q**4/4 - 7*q**3/6 + 39*q**2. What is j(m)?
-34
Let c(b) = 20*b + 124. Let z be 5 - (6/(-4))/(107/22 - 5). What is c(z)?
4
Let g = -588 - -600. Suppose -2*o + 4 = -0. Let p(t) = -3*t - 8*t + 0*t**o - t**2 + g*t. What is p(-2)?
-6
Let f(n) = -4*n - 4. Let l(q) = -q**3 + 2*q**2 + 6*q - 6. Let z be l(1). Let i be z*((-4)/5)/((-34)/(-85)). Give f(i).
4
Let r(a) be the third derivative of -a**5/120 + 5*a**4/24 - 83*a**3/6 + a**2 + 16*a. Let t(s) be the first derivative of r(s). Calculate t(4).
1
Let r(d) = 15*d + 207. Let o(n) = n + 13. Let b(p) = -p**2 + 16*p - 31. Let q be b(8). Let l(g) = q*o(g) - 2*r(g). Calculate l(-6).
-3
Let c(p) = -p**2 + 14*p - 3. Let j be (-5064)/(-120) + 2/(-10). Suppose -j = -a - 2*a. What is c(a)?
-3
Let k(h) = h**3 - 13*h**2 + 19*h + 24. Let d = 7061 - 7050. Determine k(d).
-9
Let n(f) = 6*f**2 - f + 1. Let r(t) = 32*t**2 - 35*t - 7. Let k(x) = 17*x**2 - 18*x - 4. Let s(i) = 11*k(i) - 6*r(i). Let z(y) = n(y) + s(y). Calculate z(-8).
-25
Let b(k) be the third derivative of -3*k**6/40 - k**5/20 + k**4/3 - k**3/3 + 1016*k**2. What is b(1)?
-6
Let q(o) = 10*o**2 + 2*o**3 - 18*o + o**2 - 176204 - 6*o + 176188. What is q(-7)?
5
Suppose 7*o - 90 = -27. Suppose -2*u - 3*m + o = 24, 0 = -2*u + 2*m. Let b be (u/(-1) + -3)/(-3). Let q(a) = -a + 2. Give q(b).
2
Let r(q) be the second derivative of -1/6*q**3 - 5*q**2 + 0 - 34*q. Give r(7).
-17
Let o = -3784 - -3777. Let n(l) = l. Let x(c) = c + 1. Let r(z) = -n(z) - 5*x(z). Let a(q) = -7*q - 4. Let d(v) = 4*a(v) - 5*r(v). What is d(o)?
-5
Let q(i) = -2*i**2 - 5*i + 1. Let k(m) = 2*m + 7*m - 3*m - 2. Let o be k(5). Suppose o = g - 8*g. Determine q(g).
-11
Suppose -883 = -4*l - 879. Let g(f) = -2*f**2 - 7 - f**3 + 1 + 2 + 2*f + 3. Calculate g(l).
-2
Let a(u) be the third derivative of u**8/6720 - u**7/1260 - u**6/240 + u**5/30 + 15*u**4/2 + 73*u**2. Let p(y) be the second derivative of a(y). Determine p(3).
4
Let i be (4/(-23))/((-376)/8648). Let d(h) = -h**3 + 4*h**2 + 3*h - 10. What is d(i)?
2
Suppose -7*w + 60 + 3 = 0. Suppose 21 = 4*v + 3*r, -w*r + 4*r - 35 = -5*v. Let y(b) = 2*b - 5. Calculate y(v).
7
Let m(l) = -l - 17. Let o be m(-19). Let i(v) = v - 10386 + 5192 + 5195. Give i(o).
3
Let n(v) be the first derivative of -v**3/3 - v**2/2 + 8*v + 4. Let f be n(-4). Let j(k) be the third derivative of k**4/24 - k**3/2 + 10*k**2 + 15. Give j(f).
-7
Let t be (-15)/(-6)*(-8)/(-10). Suppose -20 = -5*w, -2*w - 12 = -t*i - 5*w. Suppose 5*l + 22 = 4*a, -a = -2*l - i*a - 7. Let j(g) = 3*g + 2. Give j(l).
-4
Let s be -8 - ((0 - (2 + -1)) + -605 + 604). Let i(h) = -h**2 - 6*h - 8. Determine i(s).
-8
Let u(c) be the third derivative of c**5/60 + c**4/24 + c**2. Suppose -576 = 113*r - 112*r. Let n be r/(-256)*4/3. What is u(n)?
12
Let z(p) = 3*p**3 + 8*p**2 + 9*p - 2. Let j(v) = -13*v**3 - 34*v**2 - 37*v + 10. Let a(t) = -2*j(t) - 9*z(t). Give a(-2).
4
Suppose -3*d + 5*a = 9, -3*d + 3*a = -0*d - 3. Let g(x) = 23 - 11 + 5 - x. What is g(d)?
10
Let n(t) = -t + 6 + 208*t**2 - 207*t**2 + 0*t. Suppose -17*y - 295 + 346 = 0. Calculate n(y).
12
Let w(f) = -13*f**3 - 32*f**2 - 14*f - 25. Let g(q) = 37*q**3 + 88*q**2 + 42*q + 74. Let b(a) = 6*g(a) + 17*w(a). Suppose 5*r + 8 = 83. Give b(r).
4
Let z be (-6)/(-5 - -4) - 3. Let p(f) = -12 + 4*f**2 - 3*f + 4*f - z*f**2. Let w be -3 + 9 - (0 + 2 + 4). Give p(w).
-12
Let w be (3/(-2) + 1)*-2. Let i(z) = -344*z - 21. Let s(q) = 306*q + 19. Let n(o) = -8*i(o) - 9*s(o). Calculate n(w).
-5
Let j(k) be the third derivative of -k**5/60 - 5*k**4/24 + 4*k**3/3 - 71*k**2. Suppose 24 = -6*f + 2*f. Give j(f).
2
Suppose -4*s = -s. Let k(z) = s - 2*z + z - 3*z + z**2 + 1. Suppose 84*q = 83*q + 2*v - 8, 5*q + 10 = 5*v. Determine k(q).
1
Let g be (-4)/(-10)*(168 - 3)/11. Let m(a) = -15*a + 22. Let y(q) = 7*q - 11. Let b = 12 - 6. Let o(p) = b*m(p) + 13*y(p). Determine o(g).
-5
Suppose -247*m + 270*m - 69 = 0. Let v(s) be the third derivative of 1/60*s**5 + 5/24*s**4 + 0 + s**m + 0*s + 26*s**2. Calculate v(-5).
6
Let j = 3699 - 3696. Let u(x) be the first derivative of 1/4*x**4 + 11*x - 4*x**2 + 7/3*x**j + 2. Calculate u(-8).
11
Let h(v) = v**3 + 8*v**2 + 2. Let z be h(-8). Let g(o) = -z*o**3 + 2*o + o**3 + 2 - 1 - 4*o**2. Let w be (-16)/3*(-540)/(-720). Calculate g(w).
-7
Let n(c) be the first derivative of c**5/60 + 5*c**4/8 + 4*c**3/3 - c**2 + 4*c - 124. Let f(g) be the second derivative of n(g). Determine f(-15).
8
Let n(f) = 252*f + 180. Let a(w) = -47*w - 35. Let j(t) = 11*a(t) + 2*n(t). Determine j(-2).
1
Let r(k) be the second derivative of k**3/6 + 3*k**2/2 + k. Suppose 682 - 124 = 2*y. Let f = 272 - y. What is r(f)?
-4
Let x(c) = c + 8. Suppose 37 - 105 = -4*k. Let v(b) = -k*b**2 + 19*b**2 + 0 - 1 - 15*b. Let a be v(8). Calculate x(a).
15
Let x(n) = -26*n**3 + 8*n**2 + 14*n - 3. Let i(h) = 44*h**3 - 5*h + 48*h**3 - 83*h**3 + 1 - 3*h**2. Let t(k) = 11*i(k) + 4*x(k). Determine t(1).
-6
Let s(c) = -11*c**3 + 74*c**2 - 81*c + 92. Let w(t) = -3*t**3 + 25*t**2 - 27*t + 31. Let p(b) = 2*s(b) - 7*w(b). Determine p(-28).
-5
Let x(b) = -23*b**3 + 42*b**2 - 4*b. Let c(i) = 36*i**3 - 64*i**2 + 6*i + 1. Let p(o) = -7*c(o) - 11*x(o). Determine p(14).
21
Let n(b) = 3*b**2 + 37*b - 6. Let y be -11 - ((-98)/539)/(1/(-11)). Determine n(y).
20
Let c(s) = -s**2 - 76*s + 1925. Let i be c(20). Let l(f) = f - 15. Determine l(i).
-10
Let k(l) = 46591*l - 203*l**3 + 16*l**2 - 22 + 204*l**3 - 46592*l. Calculate k(-16).
-6
Let h = -9 + 26. Let a(u) be the second derivative of -u**3/6 + 19*u**2/2 + 411*u. What is a(h)?
2
Let b(v) = v**3 + 4*v**2 + 3*v + 5. Let z be (-4)/20 + (66/15)/2. Let n be 81/(-18) - z/(-4). Calculate b(n).
-7
Let h(d) = 16*d + 22. Let n = 9794 + -9789. What is h(n)?
102
Let a(t) be the second derivative of 3*t**3/2 + 27*t**2 - 1972*t + 1. Determine a(-10).
-36
Let v(t) = 6*t + 25.